the hundred thousands digit of 174234431?
2
What is the thousands digit of 7876388?
6
What is the tens digit of 275079555?
5
What is the units digit of 81337203?
3
What is the units digit of 43853096?
6
What is the billions digit of 2273254871?
2
What is the hundred millions digit of 1289397946?
2
What is the hundred thousands digit of 74309695?
3
What is the thousands digit of 46969425?
9
What is the units digit of 18680112?
2
What is the hundreds digit of 12902873?
8
What is the hundred thousands digit of 3724436338?
4
What is the hundred thousands digit of 41837594?
8
What is the units digit of 34036389?
9
What is the hundred thousands digit of 1950950183?
9
What is the tens digit of 99897817?
1
What is the millions digit of 673241478?
3
What is the billions digit of 2545675484?
2
What is the hundred thousands digit of 2378911418?
9
What is the ten millions digit of 872525323?
7
What is the ten thousands digit of 28853022?
5
What is the thousands digit of 5987983049?
3
What is the hundred millions digit of 235071479?
2
What is the hundreds digit of 549370829?
8
What is the ten thousands digit of 908215856?
1
What is the millions digit of 146794745?
6
What is the millions digit of 37754501?
7
What is the hundred millions digit of 1017551260?
0
What is the ten millions digit of 495813695?
9
What is the hundreds digit of 5475453202?
2
What is the units digit of 2315668226?
6
What is the millions digit of 85115871?
5
What is the hundreds digit of 2514789924?
9
What is the hundred millions digit of 676655384?
6
What is the hundred millions digit of 1011709785?
0
What is the billions digit of 1359246732?
1
What is the tens digit of 87229523?
2
What is the units digit of 2475542253?
3
What is the units digit of 3242572172?
2
What is the ten thousands digit of 3406621133?
2
What is the millions digit of 79954328?
9
What is the ten millions digit of 3616060423?
1
What is the ten millions digit of 7465549878?
6
What is the tens digit of 421980369?
6
What is the tens digit of 244310862?
6
What is the ten millions digit of 1762934158?
6
What is the tens digit of 2755198018?
1
What is the hundred millions digit of 1891631389?
8
What is the hundreds digit of 54921239?
2
What is the thousands digit of 27156116?
6
What is the hundreds digit of 26751208?
2
What is the tens digit of 216460620?
2
What is the ten millions digit of 209385179?
0
What is the units digit of 2151911546?
6
What is the thousands digit of 8275565500?
5
What is the ten millions digit of 464039327?
6
What is the units digit of 342126010?
0
What is the units digit of 84468709?
9
What is the millions digit of 161163883?
1
What is the ten thousands digit of 211348412?
4
What is the units digit of 231161109?
9
What is the hundreds digit of 196665004?
0
What is the ten thousands digit of 13618344?
1
What is the units digit of 729973443?
3
What is the units digit of 4803845328?
8
What is the millions digit of 6536991?
6
What is the ten millions digit of 173841401?
7
What is the tens digit of 147413214?
1
What is the ten thousands digit of 472923163?
2
What is the thousands digit of 13882867?
2
What is the units digit of 193807711?
1
What is the millions digit of 1498230283?
8
What is the ten millions digit of 1509420818?
0
What is the millions digit of 622602287?
2
What is the tens digit of 57363333?
3
What is the thousands digit of 44405133?
5
What is the tens digit of 18067993?
9
What is the units digit of 4347396301?
1
What is the billions digit of 1974605098?
1
What is the billions digit of 3159839521?
3
What is the hundred thousands digit of 710277225?
2
What is the thousands digit of 135330355?
0
What is the billions digit of 4223377709?
4
What is the tens digit of 3907134928?
2
What is the hundreds digit of 782795342?
3
What is the tens digit of 350633809?
0
What is the units digit of 167684074?
4
What is the ten millions digit of 2943388507?
4
What is the hundred millions digit of 1656277651?
6
What is the hundred thousands digit of 23076354?
0
What is the hundreds digit of 741578419?
4
What is the ten millions digit of 68847309?
6
What is the hundred thousands digit of 15138697?
1
What is the millions digit of 139159400?
9
What is the ten millions digit of 1866912266?
6
What is the ten thousands digit of 115626948?
2
What is the thousands digit of 283292504?
2
What is the thousands digit of 1608828638?
8
What is the ten thousands digit of 24322043?
2
What is the ten millions digit of 234490997?
3
What is the thousands digit of 501602579?
2
What is the ten thousands digit of 394198744?
9
What is the millions digit of 147183627?
7
What is the thousands digit of 48381872?
1
What is the hundreds digit of 1341255891?
8
What is the thousands digit of 855418486?
8
What is the hundred millions digit of 103141675?
1
What is the thousands digit of 1003828392?
8
What is the hundred thousands digit of 15802730?
8
What is the millions digit of 493450476?
3
What is the thousands digit of 90291863?
1
What is the thousands digit of 130194419?
4
What is the billions digit of 1304456514?
1
What is the tens digit of 604232461?
6
What is the hundreds digit of 7936163520?
5
What is the units digit of 28039947?
7
What is the ten thousands digit of 30623527?
2
What is the ten millions digit of 128562487?
2
What is the hundreds digit of 103722206?
2
What is the hundred millions digit of 861904996?
8
What is the tens digit of 226386557?
5
What is the hundred thousands digit of 2988792197?
7
What is the thousands digit of 283043957?
3
What is the thousands digit of 739243966?
3
What is the units digit of 6299493?
3
What is the units digit of 958334770?
0
What is the hundreds digit of 847314926?
9
What is the ten thousands digit of 11772374?
7
What is the hundred millions digit of 463617592?
4
What is the ten thousands digit of 75188259?
8
What is the hundreds digit of 68533789?
7
What is the ten thousands digit of 1734786759?
8
What is the hundred thousands digit of 1103682851?
6
What is the millions digit of 8531406?
8
What is the units digit of 91524136?
6
What is the ten thousands digit of 84734795?
3
What is the hundreds digit of 1399489818?
8
What is the units digit of 19460893?
3
What is the hundred thousands digit of 265938563?
9
What is the millions digit of 61389383?
1
What is the ten millions digit of 44125562?
4
What is the hundred thousands digit of 1062385753?
3
What is the hundred thousands digit of 225579911?
5
What is the thousands digit of 199359399?
9
What is the units digit of 29749216?
6
What is the ten millions digit of 64264619?
6
What is the thousands digit of 87334491?
4
What is the hundreds digit of 45803422?
4
What is the units digit of 36555626?
6
What is the thousands digit of 28653061?
3
What is the units digit of 30156778?
8
What is the ten thousands digit of 877454095?
5
What is the ten thousands digit of 177351542?
5
What is the hundreds digit of 1243697657?
6
What is the millions digit of 17325487?
7
What is the millions digit of 1561249747?
1
What is the thousands digit of 24256289?
6
What is the tens digit of 76660708?
0
What is the ten millions digit of 75378840?
7
What is the thousands digit of 1142373714?
3
What is the thousands digit of 1885751831?
1
What is the millions digit of 560806336?
0
What is the ten millions digit of 4514182883?
1
What is the ten millions digit of 1306259757?
0
What is the ten thousands digit of 29860709?
6
What is the billions digit of 2269185739?
2
What is the ten thousands digit of 90655401?
5
What is the units digit of 75755509?
9
What is the units digit of 41941789?
9
What is the ten thousands digit of 862810820?
1
What is the ten thousands digit of 888493399?
9
What is the ten thousands digit of 9937463?
3
What is the units digit of 17497721?
1
What is the hundreds digit of 4220843?
8
What is the tens digit of 183025922?
2
What is the units digit of 2862540509?
9
What is the ten millions digit of 2071469751?
7
What is the hundred thousands digit of 4205647?
2
What is the ten thousands digit of 29882239?
8
What is the millions digit of 64266447?
4
What is the ten millions digit of 116371699?
1
What is the tens digit of 20339767?
6
What is the hundreds digit of 1167532186?
1
What is the ten millions digit of 130105190?
3
What is the hun